{"id":1941,"date":"2020-07-11T11:42:01","date_gmt":"2020-07-11T11:42:01","guid":{"rendered":"http:\/\/nvocentarzarazvojisaradnju.com\/?page_id=1941"},"modified":"2020-07-13T10:36:24","modified_gmt":"2020-07-13T10:36:24","slug":"projekti-1","status":"publish","type":"page","link":"https:\/\/nvocentarzarazvojisaradnju.com\/index.php\/projekti-1\/","title":{"rendered":"PROJEKTI 1"},"content":{"rendered":"<div class=\"nivo-content\"><div class=\"nivo-wrapper\"><div class=\"nivo-slider\" id=\"nivo-slider-19411\" style=\"max-height:450px;\"><img decoding=\"async\" src=\"http:\/\/nvocentarzarazvojisaradnju.com\/wp-content\/uploads\/2020\/07\/Plandiste-fade-slider-2-01-1170x450.jpg\" title=\"\" alt=\"\" \/><img decoding=\"async\" src=\"http:\/\/nvocentarzarazvojisaradnju.com\/wp-content\/uploads\/2020\/07\/Plandiste-fade-slider-2-04-1170x450.jpg\" title=\"\" alt=\"\" \/><img decoding=\"async\" src=\"http:\/\/nvocentarzarazvojisaradnju.com\/wp-content\/uploads\/2020\/07\/Plandiste-fade-slider-2-02-1170x450.jpg\" title=\"\" alt=\"\" \/><img decoding=\"async\" src=\"http:\/\/nvocentarzarazvojisaradnju.com\/wp-content\/uploads\/2020\/07\/Plandiste-fade-slider-2-03-1170x450.jpg\" title=\"\" alt=\"\" \/><img decoding=\"async\" src=\"http:\/\/nvocentarzarazvojisaradnju.com\/wp-content\/uploads\/2020\/07\/Plandiste-fade-slider-2-05-1170x450.jpg\" title=\"\" alt=\"\" \/><\/div><\/div><\/div>\n<p style=\"font-size: 20px;\"><strong>PROJEKTI SA CILJEM RAZVOJA SOCIJALNIH USLUGA ZA STARE I OSOBE SA INVALIDITETOM<\/strong><\/p>\n<ul>\n<li>Za osobe sa invaliditetom je dizajnirana lokalna i inovativna usluga, koja je jefitniji i time dostupniji vid podr\u0161ke korisnicima, a ujedno obezbe\u0111uje sadr\u017eaje koji su van domena standardizovanih usluga. Na osnovu sopstvenih iskustava, ali i znanja iz uporednih praksi van Srbije, usluga je koncipirana tako da obezbedi potrebnu podr\u0161ku od osoblja sa\u010dinjenog od samih stanovnika iz zajednice, ali i da se sa\u010duvaju neki kvaliteti karakteristi\u010dni za stru\u010dni rad na standardizovanim uslugama.<\/li>\n<li>Okosnica usluge jeste obezbe\u0111ivanje podr\u0161ke korisnicima da samostalno \u017eive u sopstvenom doma\u0107instvu, i tako o\u010duvaju ili razviju kvalitet sopstvenog \u017eivota. Usluge pru\u017eaju kom\u0161ije, stanovnici lokalne zajednice, \u017eene i mu\u0161karci i sami na ivici siroma\u0161tva ako ne ostvaraju dodatne prihode poput onih koje su projektom dobili.<\/li>\n<li>\u201eSeoske doma\u0107ice\u201c u doma\u0107instvu korisnika obezbe\u0111uju podr\u0161ku u odr\u017eavanju higijene, nabavci i pripremi hrane, psihosocijalnom osna\u017eivanju korisnika i pove\u0107anju socijalne integracije&#8230; Sve one, njih 10 ukupno, su dobile kvalitetnu obuku odr\u017eanu od strane vrhunskih eksperata nakon koje su pripremljene za rad sa osobama sa invaliditetom i \u010dlanovima njihovih porodica.<\/li>\n<li>\u201eSeoski doma\u0107ini\u201c, njih 10 ukupno, jesu vredni i ve\u0161ti me\u0161tani Op\u0161tina Plandi\u0161ta, koji znaju kako se odr\u017eava doma\u0107instvo, priprema ogrev, \u010disti odvodni kanal pred ku\u0107om, popravlja kapija, ili pravi jednostavna i funkcionalna rampa za olak\u0161avanje kretanja preko stepenika u dvori\u0161tu&#8230; Oni iako nisu profesionalni vodoinstalateri, znaju da zamene slavinu ili postave novu gumicu na \u010desmu, o\u010diste sajlom odvod, i sli\u010dno; iako nisu profesionalni moleri, znaju da se pomo\u0107ni objekti i prostorije moraju okre\u010diti svake godine i znaju to da urade; oni nisu ni poljoprivredni tehni\u010dari ili in\u017einjeri, ali znaju da ore\u017eu drvo, ili da poseku grane kada one po\u010dnu da nale\u017eu na telefonsku instalaciju&#8230; Dakle, oni su samouki majstori sa mnogim ve\u0161tinama, sa decenijskim iskustvom kako se odr\u017eava i vodi doma\u0107instvo. Popularno u gradovima, i prema iskustvima sa zapada, oni se mogu nazvati i haus-majstori, ali su u projektnom timu ruralnog Plandi\u0161ta naziv \u201eseoskog doma\u0107ina\u201c prihvatili kao najprimereniju i afirmativnu oznaku mu\u0161karaca anga\u017eovanih na radu sa korisnicima. Njihov zadatak na projektu je da svoje ve\u0161tine i mnoga iskustvena znanja upotrebe kako bi unapredili \u017eivot osoba sa invaliditetom i njhovih porodica.<\/li>\n<\/ul>\n<p><\/br><br \/>\n<a class=\"button\" href=\"http:\/\/plandiste-projekat.rs\/\" target=\"_blank\" rel=\"noopener noreferrer\">POSETI SAJT<\/a><\/p>\n","protected":false},"excerpt":{"rendered":"<p>PROJEKTI SA CILJEM RAZVOJA SOCIJALNIH USLUGA ZA STARE I OSOBE SA INVALIDITETOM Za osobe sa invaliditetom je dizajnirana lokalna i [&hellip;]<\/p>\n","protected":false},"author":1,"featured_media":0,"parent":0,"menu_order":0,"comment_status":"closed","ping_status":"closed","template":"template-full-custom.php","meta":{"footnotes":""},"class_list":["post-1941","page","type-page","status-publish","hentry"],"_links":{"self":[{"href":"https:\/\/nvocentarzarazvojisaradnju.com\/index.php\/wp-json\/wp\/v2\/pages\/1941","targetHints":{"allow":["GET"]}}],"collection":[{"href":"https:\/\/nvocentarzarazvojisaradnju.com\/index.php\/wp-json\/wp\/v2\/pages"}],"about":[{"href":"https:\/\/nvocentarzarazvojisaradnju.com\/index.php\/wp-json\/wp\/v2\/types\/page"}],"author":[{"embeddable":true,"href":"https:\/\/nvocentarzarazvojisaradnju.com\/index.php\/wp-json\/wp\/v2\/users\/1"}],"replies":[{"embeddable":true,"href":"https:\/\/nvocentarzarazvojisaradnju.com\/index.php\/wp-json\/wp\/v2\/comments?post=1941"}],"version-history":[{"count":12,"href":"https:\/\/nvocentarzarazvojisaradnju.com\/index.php\/wp-json\/wp\/v2\/pages\/1941\/revisions"}],"predecessor-version":[{"id":2651,"href":"https:\/\/nvocentarzarazvojisaradnju.com\/index.php\/wp-json\/wp\/v2\/pages\/1941\/revisions\/2651"}],"wp:attachment":[{"href":"https:\/\/nvocentarzarazvojisaradnju.com\/index.php\/wp-json\/wp\/v2\/media?parent=1941"}],"curies":[{"name":"wp","href":"https:\/\/api.w.org\/{rel}","templated":true}]}}