{"id":1943,"date":"2020-07-11T11:42:01","date_gmt":"2020-07-11T11:42:01","guid":{"rendered":"http:\/\/nvocentarzarazvojisaradnju.com\/?page_id=1943"},"modified":"2020-07-13T11:15:29","modified_gmt":"2020-07-13T11:15:29","slug":"projekat-3","status":"publish","type":"page","link":"https:\/\/nvocentarzarazvojisaradnju.com\/index.php\/projekat-3\/","title":{"rendered":"PROJEKAT 3"},"content":{"rendered":"<div class=\"nivo-content\"><div class=\"nivo-wrapper\"><div class=\"nivo-slider\" id=\"nivo-slider-19431\" style=\"max-height:450px;\"><img decoding=\"async\" src=\"http:\/\/nvocentarzarazvojisaradnju.com\/wp-content\/uploads\/2020\/07\/GIZ-fade-slider-01-1170x450.jpg\" title=\"\" alt=\"\" \/><img decoding=\"async\" src=\"http:\/\/nvocentarzarazvojisaradnju.com\/wp-content\/uploads\/2020\/07\/GIZ-fade-slider-02-1170x450.jpg\" title=\"\" alt=\"\" \/><img decoding=\"async\" src=\"http:\/\/nvocentarzarazvojisaradnju.com\/wp-content\/uploads\/2020\/07\/GIZ-fade-slider-03-1170x450.jpg\" title=\"\" alt=\"\" \/><img decoding=\"async\" src=\"http:\/\/nvocentarzarazvojisaradnju.com\/wp-content\/uploads\/2020\/07\/GIZ-fade-slider-05-1170x450.jpg\" title=\"\" alt=\"\" \/><img decoding=\"async\" src=\"http:\/\/nvocentarzarazvojisaradnju.com\/wp-content\/uploads\/2020\/07\/GIZ-fade-slider-04-1170x450.jpg\" title=\"\" alt=\"\" \/><\/div><\/div><\/div>\n<p style=\"font-size: 20px;\"><strong>PROJEKAT PODR\u0160KE U REINTEGRACIJI I EKONOMSKOM JA\u010cANJU POVRATNIKA I POTENCIJALNIH MIGRANATA<\/strong><\/p>\n<ul>\n<li>Kao deo \u0161ireg programa nema\u010dke razvojne saradnje \u201e<strong>Povratak u nove \u0161anse<\/strong>\u201c, Globalni program \u201eMigracije za razvoj\u201c, koji realizuje GIZ, izme\u0111u ostalog pru\u017ea podr\u0161ku u unapre\u0111enju kvalifikacija i zapo\u0161ljavanju povratnika i potencijalnih migranata. Program obuke za zanimanje geronto negovateljica \/ negovatelja u periodu februar &#8211; oktobar godine, realizovala je organizacija NVO \u201eCentar za razvoj i saradnju\u201c iz Beograda u 4 op\u0161tine \u00a0u Srbiji.<\/li>\n<li>Cilj programa je bila podr\u0161ka reintegraciji i ekonomskom osna\u017eivanju povratnika kroz olak\u0161ano zapo\u0161ljavanje i samo-zapo\u0161ljavanje u oblasti nege starih lica u privatnom sektoru za socijalnu brigu starih kroz domski sme\u0161taj, ali i podr\u0161ka lokalnom stanovni\u0161tvu radi lak\u0161eg uklju\u010divanja u doma\u0107e tr\u017ei\u0161te rada.<\/li>\n<li>Programom je obuhva\u0107eno 100 polaznika u slede\u0107im op\u0161tinama \/ gradovima &#8211; Bor, Knja\u017eevac, Vranje i Leskovac, koji su kroz edukaciju stekli stru\u010dne kompetencije za navedena zanimanja.<\/li>\n<li>Program je obuhvatao realizaciju teoretskog i prakti\u010dnog dela obuke, u skladu sa odabranim zanimanjem. Edukacija, u trajanju od 3 meseca, realizovana je u lokalnim ustanovama za brigu o starim licima, koji su bili partneri na projektu. Time je obezbe\u0111eno intenzivno sticanje znanja i ve\u0161tina, polaznika kursa u stvarnom poslovnom okru\u017eenju.<\/li>\n<li>Nakon uspe\u0161no zavr\u0161enog teoretskog i prakti\u010dnog dela obuke, 50 najboljih je radno anga\u017eovano u lokalnim Domovima za stara lica.<\/li>\n<li>Iako program traje do oktobra 2020 godine, organizacija \u0107e i u nakon toga pru\u017eati stru\u010dnu i administrativnu podr\u0161ku svim polaznicima obuke, i time dodatno doprineti njihovoj trajnoj integraciji u lokalne dru\u0161tvene zajednice. Poseban akcenat \u0107e svakako biti usmeren i na podr\u0161ku razvoju i odr\u017eivosti ovih mikro-biznisa, naro\u010dito u kontekstu aktuelne situacije izazvane korona pandemijom i mogu\u0107ih izazova sa kojima se suo\u010dava privatni sektor i ekonomija uop\u0161te.<\/li>\n<\/ul>\n","protected":false},"excerpt":{"rendered":"<p>PROJEKAT PODR\u0160KE U REINTEGRACIJI I EKONOMSKOM JA\u010cANJU POVRATNIKA I POTENCIJALNIH MIGRANATA Kao deo \u0161ireg programa nema\u010dke razvojne saradnje \u201ePovratak u [&hellip;]<\/p>\n","protected":false},"author":1,"featured_media":0,"parent":0,"menu_order":0,"comment_status":"closed","ping_status":"closed","template":"template-full-custom.php","meta":{"footnotes":""},"class_list":["post-1943","page","type-page","status-publish","hentry"],"_links":{"self":[{"href":"https:\/\/nvocentarzarazvojisaradnju.com\/index.php\/wp-json\/wp\/v2\/pages\/1943","targetHints":{"allow":["GET"]}}],"collection":[{"href":"https:\/\/nvocentarzarazvojisaradnju.com\/index.php\/wp-json\/wp\/v2\/pages"}],"about":[{"href":"https:\/\/nvocentarzarazvojisaradnju.com\/index.php\/wp-json\/wp\/v2\/types\/page"}],"author":[{"embeddable":true,"href":"https:\/\/nvocentarzarazvojisaradnju.com\/index.php\/wp-json\/wp\/v2\/users\/1"}],"replies":[{"embeddable":true,"href":"https:\/\/nvocentarzarazvojisaradnju.com\/index.php\/wp-json\/wp\/v2\/comments?post=1943"}],"version-history":[{"count":5,"href":"https:\/\/nvocentarzarazvojisaradnju.com\/index.php\/wp-json\/wp\/v2\/pages\/1943\/revisions"}],"predecessor-version":[{"id":2685,"href":"https:\/\/nvocentarzarazvojisaradnju.com\/index.php\/wp-json\/wp\/v2\/pages\/1943\/revisions\/2685"}],"wp:attachment":[{"href":"https:\/\/nvocentarzarazvojisaradnju.com\/index.php\/wp-json\/wp\/v2\/media?parent=1943"}],"curies":[{"name":"wp","href":"https:\/\/api.w.org\/{rel}","templated":true}]}}